 + 10 = 3*s. Let t be 141*(s - -3) - -2. Suppose -4*c + t = 3*c. What is the hundreds digit of c?
1
Let a = 0 - -9. Let m be -1 - 3*42/a. What is the units digit of m/(-10) - (-195)/6?
4
Let h(f) be the third derivative of 23*f**4/24 + 19*f**3/2 - 4*f**2 + 9. What is the hundreds digit of h(10)?
2
Suppose -585*y + 550426 = -551*y - 289952. What is the units digit of y?
7
Suppose -t = 4*o - 2104, 23*t - 4232 = 21*t - 2*o. What is the thousands digit of t?
2
Let n(s) = s**3 - 8*s**2 + 13*s + 15. Suppose m + 3*m - 36 = 0. What is the hundreds digit of n(m)?
2
Let q(d) = d**3 + 2*d**2 + 41. Suppose 2*j - 9 - 7 = 0. What is the hundreds digit of q(j)?
6
Let q(c) = c**3 - 44*c**2 - 18*c + 636. What is the ten thousands digit of q(50)?
1
Suppose 0 = 4*n - 5007 - 5425. Let o = n - 1512. What is the hundreds digit of o?
0
Let w(k) = 14*k**2 + 7*k - 8. Let f = -25 - -28. Let p be w(f). Let d = 137 + p. What is the hundreds digit of d?
2
Let f(s) = -51 + s + 0*s - 12*s. Let k be f(10). Let c = k - -318. What is the hundreds digit of c?
1
What is the units digit of 107157/21*2 + (504/98)/9?
6
Suppose -3*u + 158625 = -3*k, 0 = 554*u - 553*u - 5*k - 52851. What is the thousands digit of u?
2
Let k(i) = -i**2 + 21*i + 21. Let s be k(7). Suppose 2*x - 3*x + 4*h = 14, -3*h = -3*x - 6. Suppose -5*m + s = -j, m - 25 = j - x. What is the units digit of m?
4
Suppose -74*m = -75*m + 23. Suppose -26*j + m*j + 357 = 0. What is the units digit of (-30)/20*(-1 + j/(-3))?
1
Suppose 4*y - 75328 = -4*u, 0 = -849*y + 848*y - 3*u + 18842. What is the hundreds digit of y?
8
Let w(k) = -8*k**3 - 5*k**2 - 50*k - 320. What is the units digit of w(-8)?
6
Suppose -5*q + 260 = -3*s, 2*q - 3*s - 57 - 56 = 0. Suppose -5 = 4*n - q. Let x(g) = 16*g - 31. What is the tens digit of x(n)?
4
Suppose 3*h - 19 - 12 = -5*a, 5*a - 34 = -2*h. What is the thousands digit of 15/6 - (-9964)/a?
1
Suppose w - 5436 = x, -w + 3189 = x - 2243. Suppose 40*c = 53*c - w. What is the units digit of c?
8
Suppose 0*t + 267 = 5*t + n, 0 = n + 3. Let c be (-36)/t*1686/(-4). Suppose 5*a + 1345 = 5*r, -6 = r - 3*a - c. What is the units digit of r?
6
Let y = 49 + -12. Suppose -33*u = -y*u + 24. Let l(w) = -w**3 + 9*w**2 - 16*w + 13. What is the tens digit of l(u)?
2
Let l be (-2 + -2)/(1/(-49)). Let b be ((-1746)/(-27) + 6)/((-2)/3). Let h = b + l. What is the tens digit of h?
9
Let c(u) be the second derivative of u**5/5 - u**4/2 - 2*u**3/3 + u**2/2 + 3*u - 1. Suppose -6 = -j - 3. What is the tens digit of c(j)?
4
Suppose 0 = 2*s - 19277 + 2289. What is the units digit of s?
4
Suppose 4*s + 16 = -i + 4, 3*s = 3*i - 24. Suppose 0*l = 2*c + 3*l - 682, i*c - 1368 = -4*l. What is the tens digit of c?
4
What is the hundreds digit of ((-78216)/108*2)/(2/(-9))?
5
Suppose -33*m - 156*m - 67*m = -6232832. What is the hundreds digit of m?
3
Let z = -3 + 6. Let n(f) = -13*f**2 - 1221*f + 211. Let o be n(-94). Suppose -z*j + o = -408. What is the hundreds digit of j?
1
Let f(p) = 47*p + 16. Let g(y) = 140*y + 47. Let x be 9/12*-2*(-8)/(-4). Let s(t) = x*g(t) + 8*f(t). What is the tens digit of s(-3)?
1
Let z(w) = 9*w**2 + w + 2. Let l be z(2). Suppose 11*i = 6*i + l. Suppose -3*t + i*t = 20, -3*v = 2*t - 425. What is the hundreds digit of v?
1
Let i(u) = u**3 + 8*u**2 - 11*u - 9. Let y be i(-9). Suppose 11*j = y*j - 14. What is the hundreds digit of (j - -7) + -1 + 157?
1
Let t(l) = -5*l - 11*l - l**2 + 5*l. Let b be t(-6). Let y = 56 + b. What is the units digit of y?
6
What is the hundreds digit of -9 - -23463 - (-14)/4*2?
4
Let g = 55 - 131. Let x = g - -121. Suppose 10 = -40*z + x*z. What is the units digit of z?
2
Suppose 34 = 6*k - 116. Suppose -5*w = -5*o - k, 5*w - 5 - 11 = 2*o. What is the units digit of 1/o + 124/3?
1
Let n(b) = -2*b + 14. Let y be n(0). Suppose 7 = 7*q - y. Suppose -3*p + h - 63 = -272, 5*p - 355 = q*h. What is the units digit of p?
8
Let l = 384 + -274. Let i be l/(-2)*56/(-70). Let p = 26 + i. What is the units digit of p?
0
Let v = -11691 + 18501. What is the hundreds digit of v?
8
Let b(s) = -s**2 - 9*s - 3. Let l be ((-20)/15)/((-1)/(-6)). Let k be b(l). Suppose -3*m + 147 = 3*n, 0 = m + m - k*n - 70. What is the tens digit of m?
4
Suppose -4*k - 3*a = -4200, 3*a = -k - 67 + 1108. Suppose 24*h = 27*h - k. What is the hundreds digit of h?
3
Suppose -4*q = 2*v + v - 235, -4*q + v = -247. Suppose -s = 4*c - 216, 2*c - 155 = -s + q. What is the hundreds digit of s?
2
Suppose -2398 = 18*y + 2030. Let j = 222 - y. What is the tens digit of j?
6
Let u(g) = g**3 + 7*g - 10. Let i be u(7). Let j = i + -662. Let w = 438 + j. What is the units digit of w?
8
Let u(t) = t**3 - 8*t**2 + 8*t - 2. Let v be u(7). Let i be (v - 1)*21/2. Let c = i - -48. What is the units digit of c?
0
Suppose 4*z = -a + 4965, 15*z - 14871 = -3*a + 11*z. What is the tens digit of a?
5
Suppose -5*s + 4*u + 192333 = 0, -1040*s - 2*u = -1041*s + 38463. What is the thousands digit of s?
8
Let v(q) be the first derivative of -4*q + q**2 + 14/3*q**3 - 28. What is the units digit of v(1)?
2
Suppose 0 = -4*n - 11142 + 42662. What is the tens digit of n?
8
Suppose -10*h - 11 = 39. What is the units digit of 2/h*(-2400)/30?
2
Let j(q) = q**3 + q**2 - q + 2. Let h = 43 - 45. Let p be j(h). Suppose -3*r = -0*r + 4*m - 278, p = -r + m + 95. What is the units digit of r?
4
Suppose -444 = -7*m + m. Suppose 3*z - m = 223. What is the tens digit of z?
9
Suppose 0 = -67*f + 47*f + 38380. What is the thousands digit of f?
1
Let z(o) = -6 - 1 + 11 + 1 + 25*o. Let q be z(3). Let d = q - 70. What is the units digit of d?
0
Let v(u) = -u**3 - 14*u**2 - 4. Let m be v(-7). Let a = m - -659. What is the tens digit of a?
1
Let d(m) = -37*m - 8. Let o be d(1). Let y be (8*3/18)/(2/144). Let i = o + y. What is the tens digit of i?
5
Let j(a) = 37*a + 73. Let h be j(-8). Suppose -d + 5*d = -628. Let r = d - h. What is the tens digit of r?
6
Let g(m) = 2*m**2 + 4*m + 48. Let h(q) = 2*q**2 + 5*q + 48. Let s(p) = 3*g(p) - 2*h(p). What is the tens digit of s(-9)?
9
What is the thousands digit of (-75020)/((-110)/11) - -5?
7
Suppose 0 = 3*h - 2*k - 945 - 29262, -2*h + 5*k = -20127. What is the units digit of h?
1
Let y = -1085 + 1652. Let g(p) = -288*p - 1435. Let d be g(-5). Suppose d*i = -4*i + y. What is the tens digit of i?
6
Let t(m) = 2*m + 1. Let u(s) = -42*s + 42. Let k(y) = -t(y) - u(y). What is the hundreds digit of k(5)?
1
Let a(y) = 2*y**2 + 6*y + 73 - 79 + 16*y**2. What is the tens digit of a(-3)?
3
Suppose 12*q - 21 = 183. Suppose 0 = q*t - 35*t + 4410. What is the tens digit of t?
4
Let y = 137 - 134. Suppose 3*d + 2*u = y*u + 1425, -2*d - 4*u + 950 = 0. What is the tens digit of d?
7
What is the units digit of (5 - (-18)/(-4))*(828 + -6)?
1
Let r(q) = -26 - 27*q + 0*q**2 + 2*q - q**2. Let u = -3152 - -3130. What is the units digit of r(u)?
0
Suppose 4*s + 1 + 11 = 0. Let w(c) = -c**3 - c**2 + c - 6. Let m be w(s). Suppose 468 = m*d - 3*d. What is the units digit of d?
8
Let c be 97*-59 - 9*11/(-33). What is the tens digit of c/(-39) - 2/3?
4
Let x = 516 - 545. What is the units digit of (-26)/4*(x + 15)?
1
Let m(o) = -o**3 - 3*o**2 + 13*o + 33. Let z be m(-2). Let i = -2780 - -1612. What is the tens digit of 2/z - i/12?
9
Let i(b) = 27*b**2 + 2*b - 1. Let w be i(1). Let z(f) = 632*f - 1900. Let v be z(3). What is the tens digit of -1*(w/(-4) + v)?
1
Let l(r) be the first derivative of r**4/4 - 7*r**3/3 + 7*r**2/2 + 4*r + 1. Let i be l(7). Suppose -i = -21*b + 20*b. What is the units digit of b?
3
Let g = 134 - 170. What is the tens digit of (-68)/(g/7 - -5)?
7
Let q = 287 - 343. Suppose -4*i = -m + 368, 0*m = -3*m. Let l = q - i. What is the tens digit of l?
3
Let c(n) = -3*n + 41. Let r be c(7). Suppose -r*o + 28314 = -7646. What is the units digit of o?
8
Let r(h) = 63*h - 2. Let n be r(2). Suppose 2*b = 10, 0 = -5*u - 2*b + 87 - 52. Suppose 5*a = -u*l + 305, a = 3*a + l - n. What is the units digit of a?
3
Let c(q) = -q**2 - 4*q - 9. Let w(m) = -4*m**2 - 19*m - 45. Suppose -13*h = -18*h - 55. Let a(p) = h*c(p) + 2*w(p). What is the hundreds digit of a(-7)?
1
Let j(l) = -2*l**2 - 142*l - 110. What is the units digit of j(-48)?
8
Let q be 39/(12/(-32) - 6122/(-16304)). What is the units digit of 18/(-66) - q/(-66)?
4
Let t(j) = -j + 6. L